28
What is the value of (21 - 35 - 9) + (5 - -3) + -16?
-31
What is the value of 14746 + -14847 - (-96 - 0)?
-5
What is (-27 - -4) + (0 - 2 - 11)?
-36
What is (0 - 7) + -10 + 3 - (-8 + 2)?
-8
Calculate 9782 + -9817 + (-84 - 1 - 0).
-120
What is the value of (110 + -60 - -55) + 1 + 1?
107
(6 - 1) + (-20441 - -20358)
-78
(-34 - (-8 - 19)) + (3 - (-6 - 9)) + 20
31
Calculate (9 + 3 - 21 - -10) + 10 + 8.
19
What is -5 + 108 + (23 + 20 + -77 - -20)?
89
Calculate 1 - 5 - 21 - (21 + (2 - 33)).
-15
What is the value of (70 - 72) + (-51 - 2) + -13 + 31 + -11?
-48
What is -6 - (-1 + 10 + 9 + (14 - 27) + 73)?
-84
Calculate (-5 - (-3 + -58) - 17) + 20 - -17.
76
What is -4 + 89 + -4 + -1 + (-8 - -27) + -28?
71
What is 78 + -99 - ((8 - 34) + -2)?
7
Calculate 2 - (17 - 3) - -63 - 7.
44
Evaluate (-35 - -41) + (-1 - -75) + (-24 - 9) + 49.
96
Evaluate (7 - -17 - (-9 + 54)) + 53.
32
Calculate -20 - (-112 - -98 - -66).
-72
Evaluate 190 + -282 - (-52 - 81).
41
What is 1 + 27 - (-86 - -96) - -8?
26
What is -35 + 6 + (-6 - 13) + (0 - -34)?
-14
8 - (-9 + (4 - (7 - 19)) + -39)
40
What is the value of 10 + (8 - 9) + 1 + -7 - (-6 + 0)?
9
What is the value of (69 - 0) + 5 + -6 + -25 + 11?
54
What is the value of 7 + (-150 - -186 - (2 - -10))?
31
Calculate -24 + (-17 - (-18 - -12) - -2).
-33
What is 0 - 16 - (-6 - 8 - -9) - (126 - 69)?
-68
Evaluate 17 - (-7 + 0 - -27) - 6.
-9
What is the value of -27 - ((41 - 12) + 22)?
-78
What is the value of 47 - (10 + 8 - 8 - 5)?
42
What is -94 + 0 + (1 - -18 - (-81 + -32 + 134))?
-96
What is the value of -40 + 63 + -128 - -12?
-93
Evaluate 59 - 134 - (-78 - -7).
-4
Calculate (-1865 - -1834) + (-7 - -4) + -5.
-39
(47 - 58) + 11 - -51
51
What is the value of 2 + 2 + -1 - (231 + 5 + -277)?
44
Evaluate (-2 - ((-12 + -1 - (58 + -92)) + -11)) + -36.
-48
What is (-6 - -109) + (36 - 159)?
-20
What is 151 - 125 - (14 + -21)?
33
674 - 680 - ((60 - (6 - (7 - -4))) + -4)
-67
0 + 19 - (82 + (-102 - -31))
8
Calculate -98 + (-2 + 0 - -4 - 0) + -21732 + 21727.
-101
Evaluate -22 + 1 + 34 + -102.
-89
Evaluate 96 + (10 + -21 - 4 - (-76 + 64)).
93
What is 83 + 18 + 56 + -157 - (155 + 1)?
-156
What is the value of 30 + -5 + -27 - (-2 - -2 - (9 + -67))?
-60
Evaluate -94 + -3 + (-1 - ((103 - 97) + (1 - 8))).
-97
What is the value of (0 - -25) + (671 - 712) - -53?
37
Calculate -36 + 46 + (-52 - 7 - -17).
-32
Calculate 45 + (0 - 1) + 1136 + -1167.
13
41 + -91 - 109 - -98
-61
What is the value of -77 - (15 + (-29 - (13 - 10))) - -2?
-58
Evaluate (23 + -36 - (24 - -1)) + 19.
-19
Calculate 15 + -31 + -35 + 40 + -33.
-44
Calculate -18 - 4 - (493 + -537).
22
What is 1 + (0 - (14 + (-1 - 0))) - (2047 - 2024)?
-35
-32 + 27 + (33 - (21 - -39))
-32
Evaluate -137 - (135 - (65 + 187)).
-20
What is the value of -20 - (21 + (-12 - -6) - (178 + -165))?
-22
What is the value of 11 + (55 + -110 - (-10 + -17))?
-17
(-76 - (-79 - -45)) + 21 + 1 + -61
-81
What is the value of -5 + (-2 + 10 - (24 - 21)) + -27?
-27
Calculate 15 - (-83 + -20) - 174.
-56
What is the value of -12 + (-15 - (-195 + 31 - (-2 - -3)))?
138
What is the value of 19 + (-2 - 13 - (-4 - 2)) - 0 - -27?
37
834 + -896 + (-10 - 33)
-105
What is the value of -17 + 29 + (-20 - -2) + 9?
3
Evaluate -92 + (-59 - -27) + 38 + 15.
-71
Evaluate -44 + 76 - (11 + 30).
-9
-7 + 12 + (-66 - (-1 - 24))
-36
(51 - (36 + -8 + -13)) + -12
24
What is the value of 66 + (121 - (-56 + 157))?
86
Evaluate 37 + 5 + (-17 - -18) - 2.
41
Calculate -19 - (7 - 3 - 14 - -9 - -7).
-25
-74 - -1 - (-10675 + 10599)
3
What is the value of 28 + (-3 - 0) + 2 + 8 + 2?
37
What is 58 - (-7 - -2) - (-547 + 559)?
51
What is the value of (0 - 2) + 2745 + -2679?
64
Evaluate (12 - 27) + 6 + 33 - (11 - (1 + 12)).
26
Calculate (-8 + 1 + 5 - -4) + (102 - 68).
36
What is (22 - (-33 + -11)) + -37?
29
What is (98 - 108) + 11 + 1 + 2 + 45?
49
Calculate 1 - (-46 - -1) - (-8921 + 8899).
68
What is the value of 39 - 70 - 14 - (2 + 2 - 3)?
-46
What is -6 + 11 + 1 + -1 - (-24 - -46 - 38)?
21
What is the value of -27 - -70 - (0 + -5 + (-8 - -9)) - -10?
57
(13 - (-25 + (-13 - -26))) + -26
-1
What is (-9 - -16) + (-2234 - -2119)?
-108
What is the value of (62 - 48) + (5 - 30) - -17 - 15?
-9
95 + -55 + -19 + (9 - 34)
-4
What is the value of 43 + (-27 - (47 - 87 - 8))?
64
(8 - 64 - -85) + -59
-30
What is 1 - (-19 - (-35 + -10 - -2))?
-23
-1 - -1 - (1250 + -1382)
132
-4 - (-13 - ((1 - 11) + (-313 - -311)))
-3
-8 + -31 + (32 - -24) + 32
49
-7 + 90 + -95 + -54
-66
Evaluate -11 - (-44 + (-24 + 15 - 3)).
45
Evaluate 2 + (6 - 91) - -147.
64
What is the value of (-3 - -7) + -10 + 5 + -3 - (1 - -32)?
-37
What is 2 + 0 - (-11 + 0) - (266 + (-70 - 150))?
-33
What is 72 - (40 + -16) - -43?
91
What is 18 + (-38 - 26) + 78?
32
Calculate (-48 + 74 - -32) + (2 - 19).
41
-17 - (17 + -17 + -6) - 36
-47
Calculate (66 - 69) + -11 - -36.
22
Evaluate -50 + 132 + (10 - 0 - (22 + 6 + -24)).
88
Calculate 51 + (-30 - (-41 + 58)).
4
What is the value of -9 + 19 + -22 - (5 - (4 + 3) - -14)?
-24
What is 18 - ((-145 - -141) + (-3 - (6 + -5)))?
26
What is -24 + (1665 - 1622) + 1 + -18?
2
Evaluate 85 - 88 - (-1 + 105 + 1 + (8 - 19)).
-97
18 - (-24 - (24 - (-25 - -52)))
39
What is the value of 13 + (-23 - -5) - -6 - (-1 + 8)?
-6
What is the value of -56 - -75 - (-16 - -53)?
-18
What is 43 + 21 - (-1 + 21) - (-10 - 3) - -9?
66
-872 + 917 - ((0 - 1) + 11 + 0)
35
2980 - 2948 - (-46 + 3)
75
What is the value of -2 + -92 - (-6 + 15) - (43 + (10 - 40))?
-116
What is (50 - (-22 + 41)) + 34?
65
Calculate 9 - (52 + -6 + (-9 - -4)) - 0.
-32
Calculate -19 - (-29 + (78 - 27) - -12).
-53
Evaluate 0 - (-56 - (-30 + -23) - (4 + -2 + 4)).
9
What is the value of 35 + -142 + 25 - -110?
28
(-12 + 4 + 6 + 5 - 12) + 11
2
Evaluate -8 + 6 + -16 + 4 - (6 + 46).
-66
What is 22 + 11 + -13 + (3 - (12 + -16))?
27
What is 1014 + -995 - (-4 + 9 - -130)?
-116
What is 10 + (23 - 4 - -25) - 20?
34
What is the value of 34 + -4 + (-808 - -819)?
41
Evaluate 5 - (-3 + 10 + (-1 - -1)) - (-11 - -70).
-61
100 - (-59 - -21 - (-32 + -3))
103
What is -63 + 3 + 25 + 7?
-28
Calculate (1 - (-1 + 4)) + -44 + (199 - 195).
-42
Evaluate (21 + 20 - 47) + 9.
3
Calculate 49 + -114 + 74 + -41.
-32
Evaluate 2892 + -2850 + (-107 - 2).
-67
Evaluate 16 + (-3 - -2) + 59 + -77 + (-91 - -112).
18
What is -8 - (-23 - -1) - 29?
-15
Evaluate 33 - 1 - (75 - (79 + -91 + 64)).
9
Evaluate (0 + 50 - 48) + (-28 + 3 + -3 - 3).
-29
4 - (-70 - (-5 - (12 - 16 - (0 - -6))))
79
14 - (6 - 5) - (21 + -19 - 37)
48
What is the value of -18 + 5 + -7 + (20 - 3) + -115 + 99?
-19
Evaluate -11 + (24 - -25) + -26 + (11 - (-3 - -4)).
22
Calculate 4 + 11 - (-34 + 25) - (9 + -4).
19
Calculate (39 - (-41 + 52 + 29)) + 2.
1
What is the value of -33 + -13 + 55 - (46 + 1)?
-38
Evaluate -108 + -14 + 190 - 61.
7
What is 0 + -4 - ((-63 - -34) + 7 - -10)?
8
Evaluate -56 + (-113 - -214) + 73.
118
Calculate 39 + -8 + 15 - 5.
41
-46 - (1 + -28 + (-512 - -526))
-33
Calculate -1098 + 1068 - (27 + -3 - -7).
-61
Calculate 49 - (17 - (14 + 6 + -29 + 14)).
37
What is the value of -20 - 1 - (-10 - ((12 - -2) + -11))?
-8
Evaluate 21 - (-9 + -11 + 33).
8
Evaluate -331 + 232 - (-1 - 9 - (-29 + 36)).
-82
17 + 2 + -23 + 7 - (10 - 2) - -63
58
(-12 + 14 - (-4 - (-8 + 57))) + 8
63
Calculate (2 - -51) + (-17 - -14 - 7 - -18).
61
What is 5 + -10 - 5 - (-101 - (-18 - -28 - 11))?
90
Calculate -69 + 9 - (-6 - 0 - (-77 + 86)).
-45
What is -31 + 58 + -104 + -14 + 10?
-81
Evaluate -5 - (5 - 4) - (-7 - (-16 + 11)).
-4
19 + (15 - 24) - (12 + -77)
75
What is (-182 - -50) + (-3 - -30)?
-105
What is the value of (-39 + 6 - -6) + 49?
22
Evaluate 1 + 15 - (-1390 + 1417).
-11
Calculate -47 - (-180 - (-12 - 83)).
38
What is the value of 108 + -104 + -8 - (1 - (0 - 0))?
-5
(-102 + -28 - -52) + 36
-42
What is the value of (-11 + 14 - -4) + -75 + (-4 - 6) + 7?
-71
What is (-225 - -259) + (0 - 7 - 113)?
-86
-1 + -7 + 8 + (6 - 28 - -22) + -31
-31
Calculate 5 - (1 + 12 + 9 + -11 + 0).
-6
Evaluate -68 + (2 - (1 + -10)).
-57
Evaluate -220 + 5 + 120 - (-13 - (0 + -1)).
-83
Calculate 1 + (1 - -2 - (-42 - -50) - -6).
2
Evaluate -114 - (-102 + 35 + 25).
-72
Evaluate -13 + -67 + (-1016 - -996).
-100
What is (-50 - -66 - -26 - 147) + -17?
-122
What is the value of (2 - (-4 - (-11 + 11 + 0))) + -10?
-4
What is the value of 35970 + -35850 - (122 +